vative of z**4/24 + 5*z**3/3 - 3*z**2. Give g(j).
5
Suppose 4*w - 8*w + 20 = 0. Let y(c) = -10*c**3 + 11*c**2 - 18*c - 19. Let v(g) = 7*g**3 - 7*g**2 + 12*g + 13. Let j(f) = 7*v(f) + 5*y(f). Give j(w).
-9
Let p(j) be the first derivative of -j**2/2 - j + 2. Let h(u) = -3*u - 7. Let m(d) = -h(d) + 4*p(d). Determine m(-3).
6
Let s(v) = -5*v**2 + v. Suppose 4*z - 24 = -7*b + 3*b, 5*z = 5*b + 70. Suppose -5*n - 5*x + z = 0, -2*n + 7 = 3*x - 0. What is s(n)?
-6
Let f(g) be the second derivative of g**6/120 + g**5/15 + g**3/3 - g**2/2 - 2*g. Let o(c) be the first derivative of f(c). Determine o(-4).
2
Let l = -7 + 1. Let a(s) = -s**2 - 4*s + 6. What is a(l)?
-6
Let q(a) = -5*a**2 + a**3 - 2 - 2 + 6 + 4*a**2. What is q(0)?
2
Suppose 0 = 4*x - c - c - 52, -2*c + 23 = x. Let u(m) = -10 + x - 12 + m. Give u(4).
-3
Let i(o) = o**2 - 7*o + 5. Let l(z) = -z**2 + 8*z - 6. Let t(a) = -4*i(a) - 3*l(a). Determine t(4).
-2
Let i(b) be the first derivative of b**3/3 - b**2/2 - 2*b - 9. What is i(0)?
-2
Let k(s) = -9*s**2. Let n(m) = m. Let j(y) = 4*y**2 + 3*y. Let x(u) = j(u) - 3*n(u). Let g(v) = 6*k(v) + 14*x(v). Calculate g(-1).
2
Let y(r) = r**2 + 3*r. Let l be y(-4). Let u(z) be the second derivative of 0 + 1/6*z**3 + l*z + 1/12*z**4 - 1/2*z**2. What is u(-3)?
5
Let c be (1 + 5/(-6))*(19 + -17). Let j(d) be the first derivative of -d**2 - c*d**3 + 3*d + 2. Determine j(-4).
-5
Let x(w) be the second derivative of -w**5/20 - 5*w**4/12 - w**3/2 + w**2/2 + 29*w. Let v = 6 - 10. Calculate x(v).
-3
Let b(f) = -f + 15. Suppose 0 = -3*o + 8*o - 35. Give b(o).
8
Let l(o) = -o**2 + 4. Let t be l(0). Suppose -2*n - t*c = -16, n - 5*c = -n - 20. Let p(g) = -g**2 - 6. Calculate p(n).
-6
Let r(z) = 2*z**2 - 5 - z - z**2 - 3 + 0*z**2. Suppose y = -0*y. Determine r(y).
-8
Let u(r) be the first derivative of 0*r**2 - 1 - 13/4*r**4 - 1/3*r**3 + 0*r. Let b(y) = -y**2 + 4*y + 6. Let t be b(5). Determine u(t).
-14
Let u(f) = 22*f - 1 - 23*f - 3. Determine u(-2).
-2
Let r(v) be the second derivative of v**5/20 - v**4/6 - v**3/6 + v**2/2 + 2*v. Let h(i) = i. Let q be h(5). Suppose q*s - 16 + 6 = 0. Give r(s).
-1
Suppose 5*m = 3*m - 8. Let y(a) = 4*a**2 - 8*a - 8. Let q(p) = 3*p**2 - 5*p - 5. Let i(x) = -7*q(x) + 5*y(x). Determine i(m).
-1
Let r(j) = 3*j + j - 1 + 4 - 3*j. Give r(-5).
-2
Let a(h) = -5*h + 4*h**3 - 5*h**3 + 6 - 6*h**2 + 0. Suppose 0 = 4*p - 3*p + 5. What is a(p)?
6
Let i(x) = 2*x**2 - 5*x + 4*x + 2 + 2*x**3 + 2*x. Let s be 2 + 1*-14*1. Let n be 5/(-4) - (-9)/s. Calculate i(n).
-8
Let f be (-15)/6*2*-1. Suppose 0 = 4*y + j + 24, -2*y + 0*y - f*j = 12. Let m = y - -3. Let o(g) = g + 3. Give o(m).
0
Let u(c) = 3*c**3 - 8*c**2 - 5*c. Let x(i) = 7*i**2 + 7*i - 5. Let o(d) = -3*d**2 - 3*d + 2. Let n(p) = -5*o(p) - 2*x(p). Let g(a) = -6*n(a) - u(a). Give g(1).
-2
Let c(i) be the third derivative of i**5/60 - i**4/12 + i**3/3 - i**2. Let v be 2/7 + 160/(-70). Let t be v/8*(2 + -14). Determine c(t).
5
Let q(o) = -4 + 4*o**2 + 21*o + o**3 - 21*o. Suppose 3*h - 4*h = 0. Suppose 2*d + 22 = 4*n, h*d + 13 = d + 4*n. What is q(d)?
5
Let f = -1 + -1. Let a(i) = i**2 + 6*i**3 + 0*i**2 - 7*i**3 - 4 + 1 - 2*i. What is a(f)?
13
Let y be 144/66 + (-4)/22. Suppose -y*v + 10 = -2*b, v + 1 = -2*b - 3*b. Let q(t) = 5*t - 1. Determine q(b).
-6
Let p(i) be the third derivative of i**6/120 - i**5/20 - 5*i**4/24 - i**3/6 - 21*i**2. Determine p(4).
-5
Let a(p) = 4*p - 1. Let g(w) = -3*w - 1. Let q be g(-1). Suppose 3*k - 5*j = 11, k + q*j = -2*j - 2. What is a(k)?
7
Let s(v) = -3*v**3 - 4*v**2 + 6*v + 7. Let w(t) = 4*t**3 + 4*t**2 - 7*t - 8. Let o(h) = 3*s(h) + 2*w(h). What is o(-4)?
-11
Let i(s) = 1. Let a(o) be the second derivative of -o**3/6 + 3*o**2/2 + 3*o. Let x(z) = a(z) - 4*i(z). Suppose 0*d + 3*d = 12. Determine x(d).
-5
Let v = 4 - 3. Suppose o + v = 6. Let j(r) = r**2 - 6*r - 3. Give j(o).
-8
Let t = -6 - -12. Suppose 2*a + t + 4 = 0. Let l = a - -6. Let f(i) = 4*i**2 - i + 1. Give f(l).
4
Suppose 5*l - 40 = l. Suppose 5*j - 26 = 4*z, 5*j - 8 = 5*z + 22. Suppose -3*v - l = j*v. Let f(k) = k**3 + 2*k**2 + 2*k + 3. Give f(v).
-1
Suppose -10 = 5*b, 2*g - 3*b + 2*b = 6. Let d be ((-16)/(-28))/(g/7). Let w be (d - 3)/((-2)/(-10)). Let r(k) = k + 3. Calculate r(w).
-2
Let d(m) be the third derivative of 0 + 4*m**2 + 0*m - 1/4*m**4 + 0*m**3. Determine d(-1).
6
Let n(b) = -4*b - 1. Let q be n(-1). Suppose 0*t + t + g = 0, q*g + 2 = -2*t. Let p(u) = 2*u**2 + 4*u - 3. Calculate p(t).
13
Let p(q) = 2*q**3 + 3*q**2 + q + 2. Let f be ((-6)/4)/(9/12). Give p(f).
-4
Let m(g) = -g**2 + 14*g - 39. Let n be m(11). Let v(f) = -4*f**3 - 6*f**2 - 2*f - 7. Let c(u) = -u**3 - 1. Let r(k) = 3*c(k) - v(k). What is r(n)?
-8
Let w(a) = 12*a + 1. Let z be ((-1)/(-6))/((-9)/(-54)). Calculate w(z).
13
Let l(f) = -f**2 + 1. Suppose 4*k + 22 = 2*i, -1 = 2*i + k + 2. Calculate l(i).
0
Let s(o) = o**3 - 5*o**2 - 3*o - 3. Suppose f = 2 + 3. What is s(f)?
-18
Let c(s) be the first derivative of -s**3/3 - 7*s**2/2 + 7*s - 7. Determine c(-8).
-1
Suppose -l + 2*l = 2. Let o(c) = c**3 - 2 - 2*c**2 + 0*c**l + 4*c + 7*c**2. Give o(-4).
-2
Let w(r) = 2*r - 7. Let q be w(5). Let i(x) be the third derivative of -1/120*x**6 + 0 - 2*x**2 + 1/30*x**5 + 1/3*x**3 + 1/24*x**4 + 0*x. Determine i(q).
-4
Let v(k) = 4*k + 39*k**3 + 32*k**3 - 6*k**2 - 107*k**3 + 3 + 35*k**3. What is v(-6)?
-21
Let f be (1/4 + 1)*4. Let q(o) be the second derivative of -o**5/60 + o**4/8 + 7*o**3/6 - o**2 - 2*o. Let k(s) be the first derivative of q(s). Determine k(f).
-3
Suppose 0 = 15*o - 133 + 28. Let x(c) = 4*c + 1. Calculate x(o).
29
Let l(d) = -d**3 - 7*d**2 + d + 1. Suppose -4 = -5*s - 39. Calculate l(s).
-6
Let a(x) = -x**3 + 5*x**2 - 2*x - 1. Suppose -t - 2*t = -9. What is a(t)?
11
Let t(a) = 37 + 3*a**3 + a**3 + a - 5*a**2 - 33 - 3*a**3. Calculate t(4).
-8
Let k = -89 - -91. Let c(z) be the third derivative of -1/30*z**5 - 1/120*z**6 - 3*z**k + 0*z**4 + 0*z**3 + 0*z + 0. Calculate c(-1).
-1
Let q(h) = -2*h + 2*h - 4 + h. Let p(z) = z**3 + 3*z**2 + 2*z + 6. Let m be p(-2). Give q(m).
2
Let t(b) = b. Let k = -10 - -20. Let c(m) = -m**3 + 10*m**2 - m + 10. Let n be c(k). Give t(n).
0
Let h = 1 - 0. Let d(s) = -2*s - h - 3 + 2. Let j be 2 + -2 - (-6)/(-2). Calculate d(j).
4
Let y(r) = r**2 + 8*r - 1. Let k be y(-8). Let g(u) = -17*u**3 + 2*u**2 + u. Give g(k).
18
Let a(y) = y - 1. Let q(x) = -35*x + 30. Let l(b) = 30*a(b) + q(b). Let m = 2 + -3. Give l(m).
5
Let s(t) be the first derivative of t**2/2 + 2*t - 15. Calculate s(-6).
-4
Let d(x) be the third derivative of -x**4/24 - x**3/2 + 27*x**2. Determine d(4).
-7
Let o be 5/10 - 9/2. Let h(a) = a**2 + 2*a - 5. Give h(o).
3
Suppose -2*b - 10 = -a, -b - 5*a - 3 = 13. Let i(c) = -c + 2. Determine i(b).
8
Let l(t) = 5*t + 7. Let x(k) = 9*k + 13. Let q(b) = -7*l(b) + 4*x(b). Let f be ((-2)/3)/((-2)/12). What is q(f)?
7
Suppose 3*l = 5*v + 21, -2*v + 4 = -2*l + 7*l. Let s(r) be the second derivative of r**4/2 - 2*r**3/3 + 3*r**2/2 + 2*r. Calculate s(l).
19
Suppose -5 = w - 4*o, 5*o - 36 = -0*w - 3*w. Let u(c) = 2*c - 6. Determine u(w).
8
Let j(c) = -c**3 + 4*c**2 - 2*c + 6. Let r be j(4). Let g(d) = -5*d - 3. Let b(v) = -16*v - 9. Let y(k) = -2*b(k) + 7*g(k). Calculate y(r).
3
Suppose -5*b - 3 = 4*k, 5*b + 2*k = -0*k + 1. Let d(q) = -4*q - 1. Give d(b).
-5
Suppose i + 4*l = -4, 3*i + 5*l = -4 - 8. Let r(d) = -2*d**2 - 7*d - 2. Let m(n) = -2*n + 4*n**2 - n**2 + 9*n + 3. Let j(x) = i*r(x) - 3*m(x). What is j(5)?
9
Let z(x) = x**2 - 7*x + 3. Let n(j) be the third derivative of -j**6/120 - j**5/12 - 5*j**4/24 - j**3/2 - 4*j**2. Let w be n(-3). Let m = 0 - w. Give z(m).
-3
Let t = 15 + -20. Let w(o) be the first derivative of -o**3/3 - 5*o**2/2 + 2*o - 2. Calculate w(t).
2
Suppose 0 = -5*j + j + 2*b + 38, -5*b = 3*j - 22. Suppose 6*z - j*z + 9 = 0. Let p(f) = f + 2. Calculate p(z).
5
Let v(x) be the first derivative of x**5/120 + x**4/24 + x**3/3 - 4. Let b(k) be the third derivative of v(k). Give b(5).
6
Let x(g) be the third derivative of g**8/10080 - g**7/1260 + g**6/240 - g**5/20 - 6*g**2. Let j(a) be the third derivative of x(a). Calculate j(2).
3
Let b(s) = 2 - 32*s + 17*s + 13*s. What is b(-4)?
10
Let i(h) = -h + 1 + 1 - 1 + 3*h + 3*h**2. Determine i(-1).
2
Let y(r) = r + 2. Let m(f) = -4*f - 12. Le